{"id":605,"date":"2020-04-11T14:27:40","date_gmt":"2020-04-11T19:27:40","guid":{"rendered":"https:\/\/asey.gob.mx\/web\/?page_id=605"},"modified":"2025-08-27T17:01:20","modified_gmt":"2025-08-27T23:01:20","slug":"atencion-entidades-fiscalizadas","status":"publish","type":"page","link":"https:\/\/asey.gob.mx\/web\/atencion-entidades-fiscalizadas\/","title":{"rendered":"Atenci\u00f3n Entidades fiscalizadas"},"content":{"rendered":"\t\t<div data-elementor-type=\"wp-page\" data-elementor-id=\"605\" class=\"elementor elementor-605\">\n\t\t\t\t\t\t\t\t\t<section class=\"elementor-section elementor-top-section elementor-element elementor-element-4ad80cf elementor-section-boxed elementor-section-height-default elementor-section-height-default\" data-id=\"4ad80cf\" data-element_type=\"section\">\n\t\t\t\t\t\t<div class=\"elementor-container elementor-column-gap-default\">\n\t\t\t\t\t<div class=\"elementor-column elementor-col-100 elementor-top-column elementor-element elementor-element-8db160c\" data-id=\"8db160c\" data-element_type=\"column\">\n\t\t\t<div class=\"elementor-widget-wrap elementor-element-populated\">\n\t\t\t\t\t\t\t\t<div class=\"elementor-element elementor-element-2b9814b elementor-widget elementor-widget-text-editor\" data-id=\"2b9814b\" data-element_type=\"widget\" data-widget_type=\"text-editor.default\">\n\t\t\t\t<div class=\"elementor-widget-container\">\n\t\t\t\t\t\t\t\n<h2><strong>ATENCI\u00d3N A ENTIDADES FISCALIZADAS<\/strong><\/h2>\n\n<p>&nbsp;<\/p>\t\t\t\t\t\t<\/div>\n\t\t\t\t<\/div>\n\t\t\t\t\t<\/div>\n\t\t<\/div>\n\t\t\t\t\t\t\t<\/div>\n\t\t<\/section>\n\t\t\t\t<section class=\"elementor-section elementor-top-section elementor-element elementor-element-63d01f32 elementor-section-boxed elementor-section-height-default elementor-section-height-default\" data-id=\"63d01f32\" data-element_type=\"section\">\n\t\t\t\t\t\t<div class=\"elementor-container elementor-column-gap-default\">\n\t\t\t\t\t<div class=\"elementor-column elementor-col-100 elementor-top-column elementor-element elementor-element-745aeb83\" data-id=\"745aeb83\" data-element_type=\"column\">\n\t\t\t<div class=\"elementor-widget-wrap elementor-element-populated\">\n\t\t\t\t\t\t\t\t<div class=\"elementor-element elementor-element-16c607a3 elementor-widget elementor-widget-text-editor\" data-id=\"16c607a3\" data-element_type=\"widget\" data-widget_type=\"text-editor.default\">\n\t\t\t\t<div class=\"elementor-widget-container\">\n\t\t\t\t\t\t\t\n<h3><strong>CONSULTAS<\/strong><\/h3>\n\n\n\n<p style=\"text-align: justify; text-justify: inter-word;\">Cualquier consulta por parte de las Entidades Fiscalizadas a la ASEY en relaci\u00f3n al soporte inform\u00e1tico o aclaraci\u00f3n de dudas sobre la integraci\u00f3n de la Cuenta P\u00fablica, debe de realizarse v\u00eda oficio, el cual debe de contener lo sigu<span style=\"color: #000000;\">iente:<\/span><\/p>\n<p><span style=\"color: #000000;\">\n\n<\/span><\/p>\n<div class=\"wp-block-spacer\" style=\"height: 20px;\" aria-hidden=\"true\">\u00a0<\/div>\n<p><span style=\"color: #000000;\">\n\n<\/span><\/p>\n<ul>\n<li><span style=\"color: #000000;\">Estar dirigido al Auditor Superior del Estado de Yucat\u00e1n.<\/span><\/li>\n<li><span style=\"color: #000000;\">Oficio suscrito en original por el Titular de la Entidad Fiscalizada o autoridad competente.<\/span><\/li>\n<li><span style=\"color: #000000;\">En caso de tratarse de contestaci\u00f3n a un oficio enviado previamente por parte de la ASEY, se debe hacer menci\u00f3n del oficio que se contesta.<\/span><\/li>\n<li><span style=\"color: #000000;\">Motivo de la solicitud de atenci\u00f3n a detalle.<\/span><\/li>\n<li><span style=\"color: #000000;\">Especificaciones de la documentaci\u00f3n y\/o <strong>equipo de c\u00f3mputo<\/strong> a entregar a la ASEY.<\/span><\/li>\n<li><span style=\"color: #000000;\">Persona autorizada para entregar la documentaci\u00f3n y \/o equipo de c\u00f3mputo a la ASEY<\/span><\/li>\n<li><span style=\"color: #000000;\">Persona autorizada para <strong>recoger <\/strong>o recibir la documentaci\u00f3n y\/o equipo en la ASEY.<\/span><\/li>\n<li><span style=\"color: #000000;\">N\u00famero de contacto de la persona responsable de la documentaci\u00f3n.<\/span><\/li>\n<li><span style=\"color: #000000;\">Copia simple de la identificaci\u00f3n oficial de la persona autorizada en el oficio que realizar\u00e1 el tr\u00e1mite (personal).<\/span><\/li>\n<\/ul>\n\n\n\t\t\t\t\t\t<\/div>\n\t\t\t\t<\/div>\n\t\t\t\t\t<\/div>\n\t\t<\/div>\n\t\t\t\t\t\t\t<\/div>\n\t\t<\/section>\n\t\t\t\t<section class=\"elementor-section elementor-top-section elementor-element elementor-element-4811aa1 elementor-section-boxed elementor-section-height-default elementor-section-height-default\" data-id=\"4811aa1\" data-element_type=\"section\">\n\t\t\t\t\t\t<div class=\"elementor-container elementor-column-gap-default\">\n\t\t\t\t\t<div class=\"elementor-column elementor-col-100 elementor-top-column elementor-element elementor-element-23789fd\" data-id=\"23789fd\" data-element_type=\"column\">\n\t\t\t<div class=\"elementor-widget-wrap elementor-element-populated\">\n\t\t\t\t\t\t\t\t<div class=\"elementor-element elementor-element-a0ca41f elementor-widget elementor-widget-html\" data-id=\"a0ca41f\" data-element_type=\"widget\" data-widget_type=\"html.default\">\n\t\t\t\t<div class=\"elementor-widget-container\">\n\t\t\t\r\n<div style=\"text-align: center; margin: 10px 0;\"><a style=\"background-color: #2c3e50; color: white; padding: 10px 15px; border-radius: 12px; text-decoration: none; font-weight: bold; display: inline-block; transition: background-color 0.3s;\" href=\"https:\/\/servicios.asey.gob.mx\/web\/citas?_ga=2.138973299.1931677767.1744301348-1919193177.1737051521\" target=\"_blank\" rel=\"noopener\">Solicitar cita<\/a><\/div>\t\t<\/div>\n\t\t\t\t<\/div>\n\t\t\t\t\t<\/div>\n\t\t<\/div>\n\t\t\t\t\t\t\t<\/div>\n\t\t<\/section>\n\t\t\t\t<section class=\"elementor-section elementor-top-section elementor-element elementor-element-1b5bf0f elementor-section-boxed elementor-section-height-default elementor-section-height-default\" data-id=\"1b5bf0f\" data-element_type=\"section\">\n\t\t\t\t\t\t<div class=\"elementor-container elementor-column-gap-default\">\n\t\t\t\t\t<div class=\"elementor-column elementor-col-100 elementor-top-column elementor-element elementor-element-63ab818\" data-id=\"63ab818\" data-element_type=\"column\">\n\t\t\t<div class=\"elementor-widget-wrap elementor-element-populated\">\n\t\t\t\t\t\t\t\t<div class=\"elementor-element elementor-element-5927048 elementor-widget elementor-widget-html\" data-id=\"5927048\" data-element_type=\"widget\" data-widget_type=\"html.default\">\n\t\t\t\t<div class=\"elementor-widget-container\">\n\t\t\t\r\n<div class=\"info-section\" style=\"background-color: #f8f9fa; padding: 30px; border-radius: 8px; margin-bottom: 30px;\">\r\n<h3 style=\"color: #2c3e50; margin-top: 0;\">ENTREGA DE <strong>INFORMES FINANCIEROS CONTABLES<\/strong><\/h3>\r\n<p style=\"text-align: justify;text-justifiy: inter-word; line-height: 1.6; color: #34495e; margin-bottom: 20px;\">Cuando el oficio sea por parte de las Entidades Fiscalizadas y sea referente a la Entrega de Informes Financieros Contables, debe contener:<\/p>\r\n<div style=\"display: flex; align-items: center; margin-bottom: 10px;\"><span style=\"background-color: #db3434ff; color: white; padding: 5px 13px; border-radius: 50%; margin-right: 15px;\">1<\/span> <p style=\"color: #db3434ff;\"> <strong>Estar dirigido al Auditor Superior del Estado de Yucat\u00e1n.<\/strong>  <\/p><\/div>\r\n<div style=\"display: flex; align-items: center; margin-bottom: 10px;\"><span style=\"background-color: #db3434ff; color: white; padding: 5px 13px; border-radius: 50%; margin-right: 15px;\">2<\/span> <p style=\"color: #db3434ff;\"> <strong>Mes o periodo que se reporta. <\/strong> <\/p><\/div>\r\n<div style=\"display: flex; align-items: center; margin-bottom: 10px;\"><span style=\"background-color: #db3434ff; color: white; padding: 5px 13px; border-radius: 50%; margin-right: 15px;\">3<\/span> <p style=\"color: #db3434ff;\"> <strong>Documentaci\u00f3n soporte que se presenta y anexa al oficio. <\/strong> <\/p><\/div>\r\n<div style=\"display: flex; align-items: center; margin-bottom: 10px;\"><span style=\"background-color: #db3434ff; color: white; padding: 5px 13px; border-radius: 50%; margin-right: 15px;\">4<\/span> <p style=\"color: #db3434ff;\"> <strong>Firma de los Titulares de los Sujetos Obligados. <\/strong> <\/p><\/div>\r\n\r\n<\/div>\t\t<\/div>\n\t\t\t\t<\/div>\n\t\t\t\t\t<\/div>\n\t\t<\/div>\n\t\t\t\t\t\t\t<\/div>\n\t\t<\/section>\n\t\t\t\t\t\t\t<\/div>\n\t\t","protected":false},"excerpt":{"rendered":"<p>ATENCI\u00d3N A ENTIDADES FISCALIZADAS &nbsp; CONSULTAS Cualquier consulta por parte de las Entidades Fiscalizadas a la ASEY en relaci\u00f3n al soporte inform\u00e1tico o aclaraci\u00f3n de dudas sobre la integraci\u00f3n de la Cuenta P\u00fablica, debe de realizarse v\u00eda oficio, el cual debe de contener lo siguiente: Estar dirigido al Auditor Superior del Estado de Yucat\u00e1n. Oficio [&hellip;]<\/p>\n","protected":false},"author":2,"featured_media":0,"parent":0,"menu_order":0,"comment_status":"closed","ping_status":"closed","template":"","meta":[],"_links":{"self":[{"href":"https:\/\/asey.gob.mx\/web\/wp-json\/wp\/v2\/pages\/605"}],"collection":[{"href":"https:\/\/asey.gob.mx\/web\/wp-json\/wp\/v2\/pages"}],"about":[{"href":"https:\/\/asey.gob.mx\/web\/wp-json\/wp\/v2\/types\/page"}],"author":[{"embeddable":true,"href":"https:\/\/asey.gob.mx\/web\/wp-json\/wp\/v2\/users\/2"}],"replies":[{"embeddable":true,"href":"https:\/\/asey.gob.mx\/web\/wp-json\/wp\/v2\/comments?post=605"}],"version-history":[{"count":22,"href":"https:\/\/asey.gob.mx\/web\/wp-json\/wp\/v2\/pages\/605\/revisions"}],"predecessor-version":[{"id":7307,"href":"https:\/\/asey.gob.mx\/web\/wp-json\/wp\/v2\/pages\/605\/revisions\/7307"}],"wp:attachment":[{"href":"https:\/\/asey.gob.mx\/web\/wp-json\/wp\/v2\/media?parent=605"}],"curies":[{"name":"wp","href":"https:\/\/api.w.org\/{rel}","templated":true}]}}