{"id":566,"date":"2020-04-10T21:10:44","date_gmt":"2020-04-11T02:10:44","guid":{"rendered":"https:\/\/asey.gob.mx\/web\/?page_id=566"},"modified":"2026-04-09T15:54:58","modified_gmt":"2026-04-09T21:54:58","slug":"programa-anual-de-auditoria","status":"publish","type":"page","link":"https:\/\/asey.gob.mx\/web\/programa-anual-de-auditoria\/","title":{"rendered":"Programa Anual de Auditor\u00eda"},"content":{"rendered":"\t\t<div data-elementor-type=\"wp-page\" data-elementor-id=\"566\" class=\"elementor elementor-566\">\n\t\t\t\t\t\t\t\t\t<section class=\"elementor-section elementor-top-section elementor-element elementor-element-df5c50e elementor-section-boxed elementor-section-height-default elementor-section-height-default\" data-id=\"df5c50e\" data-element_type=\"section\">\n\t\t\t\t\t\t<div class=\"elementor-container elementor-column-gap-default\">\n\t\t\t\t\t<div class=\"elementor-column elementor-col-100 elementor-top-column elementor-element elementor-element-d4e1d21\" data-id=\"d4e1d21\" data-element_type=\"column\">\n\t\t\t<div class=\"elementor-widget-wrap elementor-element-populated\">\n\t\t\t\t\t\t\t\t<div class=\"elementor-element elementor-element-032380d elementor-widget elementor-widget-text-editor\" data-id=\"032380d\" data-element_type=\"widget\" data-widget_type=\"text-editor.default\">\n\t\t\t\t<div class=\"elementor-widget-container\">\n\t\t\t\t\t\t\t<p><\/p>\n<h2><strong>PROGRAMA ANUAL DE AUDITOR\u00cdA 2026<\/strong><\/h2>\n<h5 style=\"text-align: left;\">Cuenta P\u00fablica 2025<\/h5>\n<p><\/p>\t\t\t\t\t\t<\/div>\n\t\t\t\t<\/div>\n\t\t\t\t\t<\/div>\n\t\t<\/div>\n\t\t\t\t\t\t\t<\/div>\n\t\t<\/section>\n\t\t\t\t<section class=\"elementor-section elementor-top-section elementor-element elementor-element-7607f4b7 elementor-section-boxed elementor-section-height-default elementor-section-height-default\" data-id=\"7607f4b7\" data-element_type=\"section\">\n\t\t\t\t\t\t<div class=\"elementor-container elementor-column-gap-default\">\n\t\t\t\t\t<div class=\"elementor-column elementor-col-100 elementor-top-column elementor-element elementor-element-729ed192\" data-id=\"729ed192\" data-element_type=\"column\">\n\t\t\t<div class=\"elementor-widget-wrap elementor-element-populated\">\n\t\t\t\t\t\t\t\t<div class=\"elementor-element elementor-element-3e4166c2 elementor-widget elementor-widget-text-editor\" data-id=\"3e4166c2\" data-element_type=\"widget\" data-widget_type=\"text-editor.default\">\n\t\t\t\t<div class=\"elementor-widget-container\">\n\t\t\t\t\t\t\t<p><\/p>\n<h3>ANTECEDENTES<\/h3>\n<p><\/p>\n<p><\/p>\n<p style=\"text-align: justify; text-justify: inter-word;\">El PAA, es el documento t\u00e9cnico-jur\u00eddico expedido, aprobado, publicado y ejecutado por la ASEY, cuya finalidad es <span style=\"color: #ff0000;\"><strong>planificar, establecer los objetivos y metas a cumplir anualmente en la revisi\u00f3n de las cuentas p\u00fablicas de las entidades fiscalizadas<\/strong><\/span> de conformidad a lo establecido en el art\u00edculo 14 fracci\u00f3n I de la Ley de Fiscalizaci\u00f3n de la Cuenta P\u00fablica del Estado de Yucat\u00e1n.<\/p>\n<p><\/p>\n<p><\/p>\n<div style=\"height: 38px;\" aria-hidden=\"true\">\u00a0<\/div>\n<p><\/p>\n<p><\/p>\n<h3>PROGRAMA ANUAL DE AUDITOR\u00cdAS<\/h3>\n<p><\/p>\n<p><\/p>\n<p><\/p>\n<p><\/p>\n<div style=\"height: 39px;\" aria-hidden=\"true\"><span style=\"color: #242424; font-family: Poppins, sans-serif;\">El presente documento es el instrumento de planeaci\u00f3n mediante el cual la Auditor\u00eda Superior del Estado de Yucat\u00e1n define el alcance y el n\u00famero de auditor\u00edas que se practicar\u00e1n a la Cuenta P\u00fablica de cada ejercicio fiscal, dentro de los plazos establecidos en la Ley de Fiscalizaci\u00f3n de la Cuenta P\u00fablica del Estado de Yucat\u00e1n.<\/span><\/div>\n<div aria-hidden=\"true\">\u00a0<\/div>\n<p>\u00a0<\/p>\n<p>En cumplimiento del art\u00edculo 5 de dicha Ley, se publica el Programa Anual de Auditor\u00eda 2026 cuya revisi\u00f3n corresponde al per\u00edodo comprendido del <span style=\"color: #ff0000;\"><b>1 de enero al 31 de diciembre de 2025<\/b><\/span>. En dicho ejercicio se fiscalizar\u00e1n 194 entidades y programas p\u00fablicos, mediante la ejecuci\u00f3n de un total programado de 224 auditor\u00edas.<\/p>\n<p>\u00a0<\/p>\n<p>De conformidad con lo dispuesto en el p\u00e1rrafo segundo de la fracci\u00f3n I del art\u00edculo 14 de la citada Ley, el presente programa podr\u00e1 ser objeto de modificaciones, las cuales, en su caso, ser\u00e1n publicadas en esta misma secci\u00f3n para conocimiento p\u00fablico.<\/p>\n<p>\u00a0<\/p>\n<p><\/p>\n<p><\/p>\n<p><iframe loading=\"lazy\" class=\"wonderplugin-pdf-iframe\" src=\"https:\/\/asey.gob.mx\/web\/contenido\/plugins\/wonderplugin-pdf-embed\/pdfjslight\/web\/viewer.html?v=2&#038;disabledoc=1&#038;disablerightclick=1&#038;file=https:\/\/asey.gob.mx\/web\/PAA\/PAA2026.pdf\" width=\"100%\" height=\"700px\" style=\"border:0; height:800px;\"><\/iframe><\/p>\n<p><\/p>\t\t\t\t\t\t<\/div>\n\t\t\t\t<\/div>\n\t\t\t\t\t<\/div>\n\t\t<\/div>\n\t\t\t\t\t\t\t<\/div>\n\t\t<\/section>\n\t\t\t\t<section class=\"elementor-section elementor-top-section elementor-element elementor-element-3f6f8c4 elementor-section-boxed elementor-section-height-default elementor-section-height-default\" data-id=\"3f6f8c4\" data-element_type=\"section\">\n\t\t\t\t\t\t<div class=\"elementor-container elementor-column-gap-default\">\n\t\t\t\t\t<div class=\"elementor-column elementor-col-100 elementor-top-column elementor-element elementor-element-ffe9613\" data-id=\"ffe9613\" data-element_type=\"column\">\n\t\t\t<div class=\"elementor-widget-wrap elementor-element-populated\">\n\t\t\t\t\t\t\t\t<div class=\"elementor-element elementor-element-5d6c28c elementor-widget elementor-widget-html\" data-id=\"5d6c28c\" data-element_type=\"widget\" data-widget_type=\"html.default\">\n\t\t\t\t<div class=\"elementor-widget-container\">\n\t\t\t\r\n<p>&nbsp;<\/p>\r\n<div><style>\r\n\r\n .list-group {\r\n        list-style: none; \/* Quita los estilos predeterminados de la lista *\/\r\n        padding: 0;\r\n    }\r\n    .list-group-item {\r\n        background-color: #fffcfc; \/* Color de fondo *\/\r\n        border: 1px solid #ddd; \/* Borde *\/\r\n        padding: 10px 10px;\r\n        margin-bottom: 0px;\r\n        transition: background-color 0.3s ease-in-out;\r\n    }\r\n    .list-group-item a {\r\n        text-decoration: none;\r\n        color: #d40000; \/* Color rojo *\/\r\n    }\r\n    .list-group-item:hover {\r\n        background-color: #f5f0f0; \/* Cambio de color al pasar el mouse *\/\r\n    }\r\n\r\n\r\n   .container, .accordion, .accordion-item, .accordion-header, .accordion-button, .accordion-body {\r\n        width: 100% !important;\r\n        max-width: 100% !important;\r\n    }\r\n\r\n\r\n\/*DISE\u00d1O DE LOS ACORDEONES EN GENERAL *\/\r\n    \/* Inicial *\/\r\n    .accordion-button {\r\n      background-color: #050409 !important;  \/* Color de fondo negro *\/\r\n      color: white !important;  \/* Texto blanco *\/\r\n      display: flex !important;\r\n      justify-content: space-between !important;\r\n      align-items: center !important;\r\n      text-align: left !important;\r\n    }   \r\n    \/* Cambiar el color cuando el acorde\u00f3n est\u00e1 abierto *\/\r\n    .accordion-button:not(.collapsed) {\r\n      background-color: #050409 !important;  \/* Negro *\/\r\n      color: white !important;  \/* Texto blanco *\/\r\n    }\r\n    \/* Cambiar el color del bot\u00f3n se cierra despu\u00e9s de abrirse *\/\r\n    .accordion-button.collapsed {\r\n      background-color: #f8f9fa !important;  \/* Fondo claro cuando est\u00e1 colapsado *\/\r\n      color: #000000 !important;  \/* Texto negro *\/\r\n    }\r\n    \/* Estilos para los paneles *\/\r\n    .accordion-item {\r\n      border: 0px solid #ffff !important;  \/* Borde gris claro *\/\r\n      border-radius: 0px !important;  \/* Bordes redondeados *\/\r\n      margin-bottom: 0px !important;  \/* Espacio entre acordeones *\/\r\n    }\r\n    \/* Sombra sutil en el contenido *\/\r\n    .accordion-body {\r\n      background-color: #ffffff !important;  \/* Fondo gris claro *\/\r\n    }\r\n    \/* Centrar el contenedor *\/\r\n    .container {\r\n      width: 1200px !important;\r\n      margin: auto !important;\r\n    }\r\n\/* Ajustar el padding para que est\u00e9n m\u00e1s juntos *\/\r\n.accordion-body {\r\n    padding: 0px !important; \/* Reduce espacio interno *\/\r\n}\r\n\/* Eliminar el borde azul al hacer clic en un bot\u00f3n del acorde\u00f3n *\/\r\n.accordion-button:focus {\r\n    box-shadow: none !important;  \/* Quita el resplandor azul *\/\r\n    outline: none !important;  \/* Quita el contorno *\/\r\n}\r\n\r\n\/* PRIMER NIVEL DE ACORDEON*\/\r\n.accordion-item > .accordion-header .accordion-button {\r\n    font-weight: bold !important;  \/* Negrita *\/\r\n    font-size: 1.25rem !important;  \/* Tama\u00f1o de letra *\/\r\n   padding: 10px !important; \/* Espaciado para hacerlo m\u00e1s grande *\/\r\n    min-height: 10px !important;  \/* Altura m\u00ednima para el primer nivel *\/\r\n  margin-bottom: 0px !important;  \/* Espacio abajo del primer nivel *\/\r\n}\r\n\r\n\r\n\/* FLECHA (TODO UN SHOW)*\/\r\n\/* 1. Flecha negra cuando el acorde\u00f3n est\u00e1 cerrado *\/\r\n.accordion-button.collapsed::after {\r\n    color: black !important;  \/* Si el icono usa texto *\/\r\n    fill: black !important;   \/* Si es un SVG *\/\r\n    stroke: black !important; \/* Si el SVG tiene borde *\/\r\n}\r\n\/* 2. Flecha blanca cuando el acorde\u00f3n est\u00e1 abierto *\/\r\n.accordion-button:not(.collapsed)::after {\r\n    color: white !important;  \/* Si el icono usa texto *\/\r\n    fill: white !important;   \/* Si es un SVG *\/\r\n    stroke: white !important; \/* Si el SVG tiene borde *\/\r\n}\r\n\/* 3. Asegurarnos de que no haya fondo o imagen de fondo *\/\r\n.accordion-button::after {\r\n    background: none !important;\r\n    background-image: none !important;\r\n    content: \"\\f107\" !important; \/* Asegura que el icono est\u00e9 presente, usando el c\u00f3digo para la flecha *\/\r\n    visibility: visible !important; \/* Asegura que la flecha se mantenga visible *\/\r\n    display: inline-block !important; \/* Asegura que el icono se mantenga como un bloque *\/\r\n    opacity: 1 !important; \/* Asegura que no se desvanezca *\/\r\n    font-family: 'FontAwesome' !important; \/* Utilizamos FontAwesome para la flecha si se usa como icono *\/\r\n}\r\n  <\/style><\/div>\r\n<div>\r\n<div class=\"container mt-5\">\r\n    \r\n<div id=\"accordionExample\" class=\"accordion\">\r\n<div class=\"accordion-item\">\r\n<h2 id=\"headingGeneral\" class=\"accordion-header\"><button class=\"accordion-button\" type=\"button\" data-bs-toggle=\"collapse\" data-bs-target=\"#collapseGeneral\" aria-expanded=\"true\" aria-controls=\"collapseGeneral\"> PROGRAMAS ANUALES DE AUDITOR\u00cdAS <\/button><\/h2>\r\n<div id=\"collapseGeneral\" class=\"accordion-collapse collapse\" aria-labelledby=\"headingGeneral\" data-bs-parent=\"#accordionExample\">\r\n<div class=\"accordion-body\">\r\n    <ul class=\"list-group\">\r\n<li class=\"list-group-item\"><a href=\"https:\/\/asey.gob.mx\/web\/PAA\/PAA2025.pdf\" target=\"_blank\" rel=\"noopener noreferrer\">Programa Anual de Auditor\u00eda 2025<\/a><\/li>\r\n<li class=\"list-group-item\"><a href=\"https:\/\/asey.gob.mx\/web\/PAA\/Programa_Anual_2024.pdf\" target=\"_blank\" rel=\"noopener noreferrer\">Programa Anual de Auditor\u00eda 2024<\/a><\/li>\r\n<li class=\"list-group-item\"><a href=\"https:\/\/asey.gob.mx\/web\/PAA\/133-DAS-01-0706-2024-CONGRESO.pdf\" target=\"_blank\" rel=\"noopener noreferrer\">Modificaci\u00f3n del Plan Anual de Auditor\u00eda 2024<\/a><\/li>\r\n<li class=\"list-group-item\"><a href=\"https:\/\/asey.gob.mx\/web\/PAA\/Programa_Anual_2023.pdf\" target=\"_blank\" rel=\"noopener noreferrer\">Programa Anual de Auditor\u00eda 2023<\/a><\/li>\r\n<li class=\"list-group-item\"><a href=\"https:\/\/asey.gob.mx\/web\/PAA\/Programa_anual_2022.pdf\" target=\"_blank\" rel=\"noopener noreferrer\">Programa Anual de Auditor\u00eda 2022<\/a><\/li>\r\n<li class=\"list-group-item\"><a href=\"https:\/\/asey.gob.mx\/web\/PAA\/Programa_anual_2021.pdf\" target=\"_blank\" rel=\"noopener noreferrer\">Programa Anual de Auditor\u00eda 2021<\/a><\/li>\r\n<li class=\"list-group-item\"><a href=\"https:\/\/asey.gob.mx\/web\/PAA\/Programa_anual_2020.pdf\" target=\"_blank\" rel=\"noopener noreferrer\">Programa Anual de Auditor\u00eda 2020<\/a><\/li>\r\n<li class=\"list-group-item\"><a href=\"https:\/\/asey.gob.mx\/web\/PAA\/Programa_anual_2019.PDF\" target=\"_blank\" rel=\"noopener noreferrer\">Programa Anual de Auditor\u00eda 2019<\/a><\/li>\r\n<li class=\"list-group-item\"><a href=\"https:\/\/asey.gob.mx\/web\/PAA\/PAA2018.pdf\" target=\"_blank\" rel=\"noopener noreferrer\">Programa Anual de Auditor\u00eda 2018<\/a><\/li>\r\n<li class=\"list-group-item\"><a href=\"https:\/\/asey.gob.mx\/web\/PAA\/Programa_anual_2017.pdf\" target=\"_blank\" rel=\"noopener noreferrer\">Programa Anual de Auditor\u00eda 2017<\/a><\/li>\r\n<li class=\"list-group-item\"><a href=\"https:\/\/asey.gob.mx\/web\/PAA\/Programa_anualF_2016.pdf\" target=\"_blank\" rel=\"noopener noreferrer\">Programa Anual de Auditor\u00eda 2016<\/a><\/li>\r\n<\/ul>\r\n<\/div>\r\n<\/div>\r\n<\/div>\r\n<\/div>\r\n<div> \r\n\r\n<\/div>\r\n<\/div>\r\n<\/div>\r\n<script>\r\nfunction filtrar(input, listaId) {\r\n  const filtro = input.value.toLowerCase();\r\n  const lista = document.getElementById(listaId);\r\n  const items = lista.getElementsByTagName('li');\r\n  \r\n  for (let i = 0; i < items.length; i++) {\r\n    const texto = items[i].innerText.toLowerCase();\r\n    items[i].style.display = texto.includes(filtro) ? \"\" : \"none\";\r\n  }\r\n}\r\n<\/script>\r\n\r\n\r\n  <script src=\"https:\/\/cdn.jsdelivr.net\/npm\/bootstrap@5.3.0-alpha1\/dist\/js\/bootstrap.bundle.min.js\"><\/script>\t\t<\/div>\n\t\t\t\t<\/div>\n\t\t\t\t\t<\/div>\n\t\t<\/div>\n\t\t\t\t\t\t\t<\/div>\n\t\t<\/section>\n\t\t\t\t\t\t\t<\/div>\n\t\t","protected":false},"excerpt":{"rendered":"<p>PROGRAMA ANUAL DE AUDITOR\u00cdA 2026 Cuenta P\u00fablica 2025 ANTECEDENTES El PAA, es el documento t\u00e9cnico-jur\u00eddico expedido, aprobado, publicado y ejecutado por la ASEY, cuya finalidad es planificar, establecer los objetivos y metas a cumplir anualmente en la revisi\u00f3n de las cuentas p\u00fablicas de las entidades fiscalizadas de conformidad a lo establecido en el art\u00edculo 14 [&hellip;]<\/p>\n","protected":false},"author":2,"featured_media":0,"parent":0,"menu_order":0,"comment_status":"closed","ping_status":"closed","template":"","meta":[],"_links":{"self":[{"href":"https:\/\/asey.gob.mx\/web\/wp-json\/wp\/v2\/pages\/566"}],"collection":[{"href":"https:\/\/asey.gob.mx\/web\/wp-json\/wp\/v2\/pages"}],"about":[{"href":"https:\/\/asey.gob.mx\/web\/wp-json\/wp\/v2\/types\/page"}],"author":[{"embeddable":true,"href":"https:\/\/asey.gob.mx\/web\/wp-json\/wp\/v2\/users\/2"}],"replies":[{"embeddable":true,"href":"https:\/\/asey.gob.mx\/web\/wp-json\/wp\/v2\/comments?post=566"}],"version-history":[{"count":125,"href":"https:\/\/asey.gob.mx\/web\/wp-json\/wp\/v2\/pages\/566\/revisions"}],"predecessor-version":[{"id":8293,"href":"https:\/\/asey.gob.mx\/web\/wp-json\/wp\/v2\/pages\/566\/revisions\/8293"}],"wp:attachment":[{"href":"https:\/\/asey.gob.mx\/web\/wp-json\/wp\/v2\/media?parent=566"}],"curies":[{"name":"wp","href":"https:\/\/api.w.org\/{rel}","templated":true}]}}