{"id":535,"date":"2020-04-10T12:38:54","date_gmt":"2020-04-10T17:38:54","guid":{"rendered":"https:\/\/asey.gob.mx\/web\/?page_id=535"},"modified":"2025-02-17T12:57:07","modified_gmt":"2025-02-17T18:57:07","slug":"certificaciones-institucionales","status":"publish","type":"page","link":"https:\/\/asey.gob.mx\/web\/certificaciones-institucionales\/","title":{"rendered":"Certificaciones Institucionales"},"content":{"rendered":"\t\t<div data-elementor-type=\"wp-page\" data-elementor-id=\"535\" class=\"elementor elementor-535\">\n\t\t\t\t\t\t\t\t\t<section class=\"elementor-section elementor-top-section elementor-element elementor-element-60fb19e elementor-section-boxed elementor-section-height-default elementor-section-height-default\" data-id=\"60fb19e\" data-element_type=\"section\">\n\t\t\t\t\t\t<div class=\"elementor-container elementor-column-gap-default\">\n\t\t\t\t\t<div class=\"elementor-column elementor-col-100 elementor-top-column elementor-element elementor-element-3b5d7bf\" data-id=\"3b5d7bf\" data-element_type=\"column\">\n\t\t\t<div class=\"elementor-widget-wrap elementor-element-populated\">\n\t\t\t\t\t\t\t\t<div class=\"elementor-element elementor-element-4eff6a3 elementor-widget elementor-widget-text-editor\" data-id=\"4eff6a3\" data-element_type=\"widget\" data-widget_type=\"text-editor.default\">\n\t\t\t\t<div class=\"elementor-widget-container\">\n\t\t\t\t\t\t\t\n<h2><strong>CERTIFICACIONES INSTITUCIONALES<\/strong><\/h2>\n\n\t\t\t\t\t\t<\/div>\n\t\t\t\t<\/div>\n\t\t\t\t\t<\/div>\n\t\t<\/div>\n\t\t\t\t\t\t\t<\/div>\n\t\t<\/section>\n\t\t\t\t<section class=\"elementor-section elementor-top-section elementor-element elementor-element-55597e7 elementor-section-boxed elementor-section-height-default elementor-section-height-default\" data-id=\"55597e7\" data-element_type=\"section\">\n\t\t\t\t\t\t<div class=\"elementor-container elementor-column-gap-default\">\n\t\t\t\t\t<div class=\"elementor-column elementor-col-100 elementor-top-column elementor-element elementor-element-4bf3602\" data-id=\"4bf3602\" data-element_type=\"column\">\n\t\t\t<div class=\"elementor-widget-wrap elementor-element-populated\">\n\t\t\t\t\t\t\t\t<div class=\"elementor-element elementor-element-0c51bcb elementor-widget elementor-widget-text-editor\" data-id=\"0c51bcb\" data-element_type=\"widget\" data-widget_type=\"text-editor.default\">\n\t\t\t\t<div class=\"elementor-widget-container\">\n\t\t\t\t\t\t\t\n<h3>EMPRESA FAMILIARMENTE RESPONSABLE &#8211; <strong>EFR<\/strong><\/h3>\n\n\t\t\t\t\t\t<\/div>\n\t\t\t\t<\/div>\n\t\t\t\t\t<\/div>\n\t\t<\/div>\n\t\t\t\t\t\t\t<\/div>\n\t\t<\/section>\n\t\t\t\t<section class=\"elementor-section elementor-top-section elementor-element elementor-element-f161ca3 elementor-section-boxed elementor-section-height-default elementor-section-height-default\" data-id=\"f161ca3\" data-element_type=\"section\">\n\t\t\t\t\t\t<div class=\"elementor-container elementor-column-gap-default\">\n\t\t\t\t\t<div class=\"elementor-column elementor-col-33 elementor-top-column elementor-element elementor-element-47a2187\" data-id=\"47a2187\" data-element_type=\"column\">\n\t\t\t<div class=\"elementor-widget-wrap elementor-element-populated\">\n\t\t\t\t\t\t\t\t<div class=\"elementor-element elementor-element-c327e52 elementor-widget elementor-widget-image\" data-id=\"c327e52\" data-element_type=\"widget\" data-widget_type=\"image.default\">\n\t\t\t\t<div class=\"elementor-widget-container\">\n\t\t\t\t\t\t\t\t\t\t\t\t\t\t\t<img decoding=\"async\" width=\"200\" height=\"200\" src=\"https:\/\/asey.gob.mx\/web\/contenido\/uploads\/2025\/02\/empresafamiliar.jpg\" class=\"attachment-large size-large wp-image-6530\" alt=\"\" loading=\"lazy\" srcset=\"https:\/\/asey.gob.mx\/web\/contenido\/uploads\/2025\/02\/empresafamiliar.jpg 200w, https:\/\/asey.gob.mx\/web\/contenido\/uploads\/2025\/02\/empresafamiliar-150x150.jpg 150w\" sizes=\"(max-width: 200px) 100vw, 200px\" \/>\t\t\t\t\t\t\t\t\t\t\t\t\t\t\t<\/div>\n\t\t\t\t<\/div>\n\t\t\t\t<div class=\"elementor-element elementor-element-66248ab elementor-widget elementor-widget-text-editor\" data-id=\"66248ab\" data-element_type=\"widget\" data-widget_type=\"text-editor.default\">\n\t\t\t\t<div class=\"elementor-widget-container\">\n\t\t\t\t\t\t\t\t\t\t\t\t\t<\/div>\n\t\t\t\t<\/div>\n\t\t\t\t\t<\/div>\n\t\t<\/div>\n\t\t\t\t<div class=\"elementor-column elementor-col-66 elementor-top-column elementor-element elementor-element-ae61e9e\" data-id=\"ae61e9e\" data-element_type=\"column\">\n\t\t\t<div class=\"elementor-widget-wrap elementor-element-populated\">\n\t\t\t\t\t\t\t\t<div class=\"elementor-element elementor-element-621e7b8 elementor-widget elementor-widget-text-editor\" data-id=\"621e7b8\" data-element_type=\"widget\" data-widget_type=\"text-editor.default\">\n\t\t\t\t<div class=\"elementor-widget-container\">\n\t\t\t\t\t\t\t\n<p style=\"text-align: justify; text-justify: inter-word;\">Una empresa flexible y familiarmente responsable es la que facilita a sus empleados el equilibrio en sus vidas. Unos empleados satisfechos y fieles son la mayor riqueza de una organizaci\u00f3n. El modelo EFR gu\u00eda a la organizaci\u00f3n en la implantaci\u00f3n de medidas que faciliten la conciliaci\u00f3n, la igualdad, la diversidad y el crecimiento personal de los colaboradores, ofreciendo las herramientas de un Modelo de Gesti\u00f3n.<\/p>\n\t\t\t\t\t\t<\/div>\n\t\t\t\t<\/div>\n\t\t\t\t\t<\/div>\n\t\t<\/div>\n\t\t\t\t\t\t\t<\/div>\n\t\t<\/section>\n\t\t\t\t<section class=\"elementor-section elementor-top-section elementor-element elementor-element-b50a381 elementor-section-boxed elementor-section-height-default elementor-section-height-default\" data-id=\"b50a381\" data-element_type=\"section\">\n\t\t\t\t\t\t<div class=\"elementor-container elementor-column-gap-default\">\n\t\t\t\t\t<div class=\"elementor-column elementor-col-100 elementor-top-column elementor-element elementor-element-a6f1964\" data-id=\"a6f1964\" data-element_type=\"column\">\n\t\t\t<div class=\"elementor-widget-wrap elementor-element-populated\">\n\t\t\t\t\t\t\t\t<div class=\"elementor-element elementor-element-ad99a95 elementor-widget elementor-widget-text-editor\" data-id=\"ad99a95\" data-element_type=\"widget\" data-widget_type=\"text-editor.default\">\n\t\t\t\t<div class=\"elementor-widget-container\">\n\t\t\t\t\t\t\t<hr class=\"wp-block-separator\" \/>\t\t\t\t\t\t<\/div>\n\t\t\t\t<\/div>\n\t\t\t\t\t<\/div>\n\t\t<\/div>\n\t\t\t\t\t\t\t<\/div>\n\t\t<\/section>\n\t\t\t\t<section class=\"elementor-section elementor-top-section elementor-element elementor-element-2a65ca4 elementor-section-boxed elementor-section-height-default elementor-section-height-default\" data-id=\"2a65ca4\" data-element_type=\"section\">\n\t\t\t\t\t\t<div class=\"elementor-container elementor-column-gap-default\">\n\t\t\t\t\t<div class=\"elementor-column elementor-col-100 elementor-top-column elementor-element elementor-element-3f3dfb7\" data-id=\"3f3dfb7\" data-element_type=\"column\">\n\t\t\t<div class=\"elementor-widget-wrap elementor-element-populated\">\n\t\t\t\t\t\t\t\t<div class=\"elementor-element elementor-element-a19bf38 elementor-widget elementor-widget-text-editor\" data-id=\"a19bf38\" data-element_type=\"widget\" data-widget_type=\"text-editor.default\">\n\t\t\t\t<div class=\"elementor-widget-container\">\n\t\t\t\t\t\t\t\n<h3>EDIFICIO 100% LIBRE DE <strong>HUMO DE TABACO<\/strong><\/h3>\n\t\t\t\t\t\t<\/div>\n\t\t\t\t<\/div>\n\t\t\t\t\t<\/div>\n\t\t<\/div>\n\t\t\t\t\t\t\t<\/div>\n\t\t<\/section>\n\t\t\t\t<section class=\"elementor-section elementor-top-section elementor-element elementor-element-b5d6ba9 elementor-section-boxed elementor-section-height-default elementor-section-height-default\" data-id=\"b5d6ba9\" data-element_type=\"section\">\n\t\t\t\t\t\t<div class=\"elementor-container elementor-column-gap-default\">\n\t\t\t\t\t<div class=\"elementor-column elementor-col-33 elementor-top-column elementor-element elementor-element-b3a71d4\" data-id=\"b3a71d4\" data-element_type=\"column\">\n\t\t\t<div class=\"elementor-widget-wrap elementor-element-populated\">\n\t\t\t\t\t\t\t\t<div class=\"elementor-element elementor-element-1ecded0 elementor-widget elementor-widget-image\" data-id=\"1ecded0\" data-element_type=\"widget\" data-widget_type=\"image.default\">\n\t\t\t\t<div class=\"elementor-widget-container\">\n\t\t\t\t\t\t\t\t\t\t\t\t\t\t\t<img decoding=\"async\" width=\"200\" height=\"177\" src=\"https:\/\/asey.gob.mx\/web\/contenido\/uploads\/2025\/02\/EdificioLibreTabaco.png\" class=\"attachment-large size-large wp-image-6531\" alt=\"\" loading=\"lazy\" \/>\t\t\t\t\t\t\t\t\t\t\t\t\t\t\t<\/div>\n\t\t\t\t<\/div>\n\t\t\t\t\t<\/div>\n\t\t<\/div>\n\t\t\t\t<div class=\"elementor-column elementor-col-66 elementor-top-column elementor-element elementor-element-4b88457\" data-id=\"4b88457\" data-element_type=\"column\">\n\t\t\t<div class=\"elementor-widget-wrap elementor-element-populated\">\n\t\t\t\t\t\t\t\t<div class=\"elementor-element elementor-element-faa4ba4 elementor-widget elementor-widget-text-editor\" data-id=\"faa4ba4\" data-element_type=\"widget\" data-widget_type=\"text-editor.default\">\n\t\t\t\t<div class=\"elementor-widget-container\">\n\t\t\t\t\t\t\t\n<p style=\"text-align: justify; text-justify: inter-word;\">La certificaci\u00f3n de edificio 100% libre de humo de tabaco es una estrategia de la Secretar\u00eda de Salud para promover un medio ambiente libre de humo de tabaco. La Secretar\u00eda de Salud coordina acciones contra el tabaquismo: promueve y organiza servicios de detecci\u00f3n temprana, orientaci\u00f3n y atenci\u00f3n a fumadores que deseen abandonar el consumo, investiga sus causas y consecuencias, promueve estilos de vida saludables y acciones permanentes para evitar el consumo.<\/p>\n\n<p style=\"text-align: justify; text-justify: inter-word;\">En Yucat\u00e1n, la Secretar\u00eda de Salud otorga la oportunidad a las empresas o instituciones de certificarse a trav\u00e9s del Consejo Estatal de Prevenci\u00f3n de Adicciones y la Direcci\u00f3n General de los Servicios de Salud de Yucat\u00e1n.<\/p>\n\t\t\t\t\t\t<\/div>\n\t\t\t\t<\/div>\n\t\t\t\t\t<\/div>\n\t\t<\/div>\n\t\t\t\t\t\t\t<\/div>\n\t\t<\/section>\n\t\t\t\t\t\t\t<\/div>\n\t\t","protected":false},"excerpt":{"rendered":"<p>CERTIFICACIONES INSTITUCIONALES EMPRESA FAMILIARMENTE RESPONSABLE &#8211; EFR Una empresa flexible y familiarmente responsable es la que facilita a sus empleados el equilibrio en sus vidas. Unos empleados satisfechos y fieles son la mayor riqueza de una organizaci\u00f3n. El modelo EFR gu\u00eda a la organizaci\u00f3n en la implantaci\u00f3n de medidas que faciliten la conciliaci\u00f3n, la igualdad, [&hellip;]<\/p>\n","protected":false},"author":2,"featured_media":0,"parent":0,"menu_order":0,"comment_status":"closed","ping_status":"closed","template":"","meta":[],"_links":{"self":[{"href":"https:\/\/asey.gob.mx\/web\/wp-json\/wp\/v2\/pages\/535"}],"collection":[{"href":"https:\/\/asey.gob.mx\/web\/wp-json\/wp\/v2\/pages"}],"about":[{"href":"https:\/\/asey.gob.mx\/web\/wp-json\/wp\/v2\/types\/page"}],"author":[{"embeddable":true,"href":"https:\/\/asey.gob.mx\/web\/wp-json\/wp\/v2\/users\/2"}],"replies":[{"embeddable":true,"href":"https:\/\/asey.gob.mx\/web\/wp-json\/wp\/v2\/comments?post=535"}],"version-history":[{"count":14,"href":"https:\/\/asey.gob.mx\/web\/wp-json\/wp\/v2\/pages\/535\/revisions"}],"predecessor-version":[{"id":6534,"href":"https:\/\/asey.gob.mx\/web\/wp-json\/wp\/v2\/pages\/535\/revisions\/6534"}],"wp:attachment":[{"href":"https:\/\/asey.gob.mx\/web\/wp-json\/wp\/v2\/media?parent=535"}],"curies":[{"name":"wp","href":"https:\/\/api.w.org\/{rel}","templated":true}]}}