{"id":2391,"date":"2021-11-09T12:29:40","date_gmt":"2021-11-09T18:29:40","guid":{"rendered":"https:\/\/asey.gob.mx\/web\/?page_id=2391"},"modified":"2026-03-03T15:59:18","modified_gmt":"2026-03-03T21:59:18","slug":"avisosprivacidad","status":"publish","type":"page","link":"https:\/\/asey.gob.mx\/web\/avisosprivacidad\/","title":{"rendered":"AvisosPrivacidad"},"content":{"rendered":"\t\t<div data-elementor-type=\"wp-page\" data-elementor-id=\"2391\" class=\"elementor elementor-2391\">\n\t\t\t\t\t\t\t\t\t<section class=\"elementor-section elementor-top-section elementor-element elementor-element-abcc52d elementor-section-boxed elementor-section-height-default elementor-section-height-default\" data-id=\"abcc52d\" data-element_type=\"section\">\n\t\t\t\t\t\t<div class=\"elementor-container elementor-column-gap-default\">\n\t\t\t\t\t<div class=\"elementor-column elementor-col-100 elementor-top-column elementor-element elementor-element-ba2459d\" data-id=\"ba2459d\" data-element_type=\"column\">\n\t\t\t<div class=\"elementor-widget-wrap elementor-element-populated\">\n\t\t\t\t\t\t\t\t<div class=\"elementor-element elementor-element-13b1ba2 elementor-widget elementor-widget-text-editor\" data-id=\"13b1ba2\" data-element_type=\"widget\" data-widget_type=\"text-editor.default\">\n\t\t\t\t<div class=\"elementor-widget-container\">\n\t\t\t\t\t\t\t\n<h2><strong>AVISOS DE PRIVACIDAD<\/strong><\/h2>\n\t\t\t\t\t\t<\/div>\n\t\t\t\t<\/div>\n\t\t\t\t\t<\/div>\n\t\t<\/div>\n\t\t\t\t\t\t\t<\/div>\n\t\t<\/section>\n\t\t\t\t<section class=\"elementor-section elementor-top-section elementor-element elementor-element-f091999 elementor-section-boxed elementor-section-height-default elementor-section-height-default\" data-id=\"f091999\" data-element_type=\"section\">\n\t\t\t\t\t\t<div class=\"elementor-container elementor-column-gap-default\">\n\t\t\t\t\t<div class=\"elementor-column elementor-col-100 elementor-top-column elementor-element elementor-element-50a912d\" data-id=\"50a912d\" data-element_type=\"column\">\n\t\t\t<div class=\"elementor-widget-wrap elementor-element-populated\">\n\t\t\t\t\t\t\t\t<div class=\"elementor-element elementor-element-e4046a3 elementor-widget elementor-widget-html\" data-id=\"e4046a3\" data-element_type=\"widget\" data-widget_type=\"html.default\">\n\t\t\t\t<div class=\"elementor-widget-container\">\n\t\t\t\r\n<p><style type=\"text\/css\">\r\n\t#panel_avisos .collapse.show {\r\n\t        padding: 0px;\r\n\t    }\r\n\t    .panel-group {                \r\n\t        border-radius: 3px;\r\n\t        box-shadow: 0 5px 30px 0 rgba(0, 0, 0, 0.04);\r\n\t        padding: 10px 0 0 10px;\r\n\t    }\r\n\t    .panel-contenedor .panel {\r\n\t        border: medium none;\r\n\t        border-radius: 0;\r\n\t        box-shadow: none;\r\n\t        margin: 0 0 15px 10px;\r\n\t    }\r\n\t    .panel-contenedor .panel-heading {\r\n\t        border-radius: 30px;\r\n\t        padding: 0;\r\n\t    }\r\n\t    .panel-contenedor .panel-title a {\r\n\t        background: #242424 none repeat scroll 0 0;\r\n\t        border: 1px solid transparent;\r\n\t        border-radius: 5px;\r\n\t        color: #FFFFFF;\r\n\t        display: block;\r\n\t        font-size: 18px;\r\n\t        font-weight: 600;\r\n\t        padding: 12px 20px 12px 50px;\r\n\t        position: relative;\r\n\t        transition: all 0.3s ease 0s;\r\n\t        text-decoration: none;\r\n\t    }            \r\n\t    .panel-contenedor .panel-title a.collapsed {\r\n\t        background: #242424 none repeat scroll 0 0;\r\n\t        border: 1px solid #ddd;\r\n\t        color: #FFFFFF;          \r\n\t    }\r\n\t    .listado-clas {\r\n\t        margin-left: 40px;        \r\n\t    }\r\n\t    .lista-links {\r\n\t        max-height: 300px;\r\n\t        overflow-y: auto;        \r\n\t    }\r\n\t    .lista-links::-webkit-scrollbar {\r\n\t        width: 11px;\r\n\t    }\r\n\t    .lista-links {\r\n\t        scrollbar-width: thin;\r\n\t        scrollbar-color: #90A4AE #CFD8DC;;\r\n\t    }\r\n\t    .lista-links::-webkit-scrollbar-track {\r\n\t        background: #242424;\r\n\t    }\r\n\t    .lista-links::-webkit-scrollbar-thumb {\r\n\t        background-color: #242424;\r\n\t        border-radius: 6px;\r\n\t        border: 3px solid #CFD8DC;;\r\n\t    }\r\n\t\r\n\t            \r\n\t    \/* \u00c1rbol Rojo *\/\r\n\t    .panel-contenedor-clas .panel-title a,    \r\n\t    .panel-contenedor-clas .panel-title a {\r\n\t        background: #242424 none repeat scroll 0 0; \r\n\t        color: #FFFFFF;\r\n\t    }\r\n\t    .panel-contenedor-clas .panel-title a.collapsed,     \r\n\t    .panel-contenedor-clas .panel-title a.collapsed {\r\n\t        background: #242424 none repeat scroll 0 0;                \r\n\t    }\r\n\t    \r\n\t    .panel-contenedor .panel-title a::after, .panel-contenedor .panel-title a.collapsed::after {\r\n\t        background: #242424 none repeat scroll 0 0;\r\n\t        border: 1px solid transparent;\r\n\t        border-radius: 5px;\r\n\t        box-shadow: 0 3px 10px rgba(0, 0, 0, 0.58);\r\n\t        color: #FFFFFF;\r\n\t        content: \"\uf107\";\r\n\t        font-family: fontawesome;\r\n\t        font-size: 25px;\r\n\t        height: 55px;\r\n\t        left: -20px;\r\n\t        line-height: 55px;\r\n\t        position: absolute;\r\n\t        text-align: center;\r\n\t        top: -5px;\r\n\t        transition: all 0.3s ease 0s;\r\n\t        width: 55px;\r\n\t    }\r\n\t    .panel-contenedor .panel-title a.collapsed::after {\r\n\t        background: #fff none repeat scroll 0 0;\r\n\t        border: 1px solid #ddd;\r\n\t        box-shadow: none;\r\n\t        color: #333;\r\n\t        content: \"\uf105\";\r\n\t    }\r\n\t            \r\n\t    \/* Boton Desplegable Rojo *\/\r\n\t    .panel-contenedor-clas .panel-title a::after,    \r\n\t    .panel-contenedor-clas .panel-title a::after {\r\n\t        background: #242424 none repeat scroll 0 0;               \r\n\t        color: #FFFFFF;               \r\n\t    }\r\n\t                \r\n\t    .panel-contenedor .panel-body {\r\n\t        background: transparent none repeat scroll 0 0;\r\n\t        border-top: medium none;\r\n\t        padding-right: 25px;\r\n\t        position: relative;\r\n\t    }\r\n\t    .panel-contenedor .panel-body p {\r\n\t        border-left: 1px dashed #8c8c8c;\r\n\t        padding-left: 25px;\r\n\t    }\r\n\t\r\n<\/style><\/p>\r\n<div id=\"panel_avisos\">\r\n<div id=\"AC_N1_1\" class=\"panel-group panel-contenedor\" role=\"tablist\" aria-multiselectable=\"true\">\r\n<div class=\"panel panel-default\">\r\n<div id=\"HE_N1_4108050209\" class=\"panel-heading\" role=\"tab\">\r\n<h4 class=\"panel-title\"><a role=\"button\" href=\"#CO_N1_4108050209\" data-bs-toggle=\"collapse\" data-bs-target=\"#CO_N1_4108050209\" data-toggle=\"collapse\" data-parent=\"#AC_N1_1\" aria-expanded=\"true\" aria-controls=\"CO_N1_4108050209\"> AVISOS DE PRIVACIDAD <\/a><\/h4>\r\n<\/div>\r\n<div id=\"CO_N1_4108050209\" class=\"panel-collapse show\" role=\"tabpanel\" aria-labelledby=\"HE_N1_4108050209\" data-bs-parent=\"#AC_N1_1\">\r\n<div class=\"panel-body\">\r\n<div id=\"AC_N2_4108050209\" class=\"panel-group panel-contenedor-clas\" role=\"tablist\" aria-multiselectable=\"true\">\r\n<div class=\"panel panel-default\">\r\n<div id=\"HE_N2_409132400\" class=\"panel-heading\" role=\"tab\">\r\n<h4 class=\"panel-title\"><a class=\"collapsed\" role=\"button\" href=\"#CO_N2_409132400\" data-bs-toggle=\"collapse\" data-bs-target=\"#CO_N2_409132400\" data-toggle=\"collapse\" data-parent=\"#AC_N2_4108050209\" aria-expanded=\"false\" aria-controls=\"CO_N2_409132400\"> ALTA DE EMPLEADOS <\/a><\/h4>\r\n<\/div>\r\n<div id=\"CO_N2_409132400\" class=\"panel-collapse collapse listado-clas\" role=\"tabpanel\" aria-labelledby=\"HE_N2_409132400\" data-bs-parent=\"#AC_N2_4108050209\">\r\n<div class=\"panel-body\">\r\n<ul class=\"list-group lista-links\">\r\n<li class=\"list-group-item\"><a href=\"https:\/\/asey.gob.mx\/web\/contenido\/uploads\/2025\/09\/AvisoPriv_PersonalAdsc.pdf\" target=\"_blank\" rel=\"noopener noreferrer\">Personal adscrito a la Auditor\u00eda Superior del Estado de Yucat\u00e1n<\/a><\/li>\r\n<li class=\"list-group-item\"><a href=\"https:\/\/asey.gob.mx\/web\/contenido\/uploads\/2025\/09\/AvisoPriv_ServProf.pdf\" target=\"_blank\" rel=\"noopener noreferrer\">Prestadores de servicios profesionales<\/a><\/li>\r\n<li class=\"list-group-item\"><a href=\"https:\/\/asey.gob.mx\/web\/contenido\/uploads\/2025\/09\/AvisoPriv_ServSoc.pdf\" target=\"_blank\" rel=\"noopener noreferrer\">Expedientes de prestadores de servicio social, pr\u00e1cticas profesionales y estad\u00edas<\/a><\/li>\r\n<\/ul>\r\n<\/div>\r\n<\/div>\r\n<\/div>\r\n<div class=\"panel panel-default\">\r\n<div id=\"HE_N2_1868951014\" class=\"panel-heading\" role=\"tab\">\r\n<h4 class=\"panel-title\"><a class=\"collapsed\" role=\"button\" href=\"#CO_N2_1868951014\" data-bs-toggle=\"collapse\" data-bs-target=\"#CO_N2_1868951014\" data-toggle=\"collapse\" data-parent=\"#AC_N2_4108050209\" aria-expanded=\"false\" aria-controls=\"CO_N2_1868951014\"> EVENTOS DE CAPACITACI\u00d3N <\/a><\/h4>\r\n<\/div>\r\n<div id=\"CO_N2_1868951014\" class=\"panel-collapse collapse listado-clas\" role=\"tabpanel\" aria-labelledby=\"HE_N2_1868951014\" data-bs-parent=\"#AC_N2_4108050209\">\r\n<div class=\"panel-body\">\r\n<ul class=\"list-group lista-links\">\r\n<li class=\"list-group-item\"><a href=\"https:\/\/asey.gob.mx\/web\/contenido\/uploads\/2025\/10\/APRIV_CAPACITACION.pdf\" target=\"_blank\" rel=\"noopener noreferrer\">Eventos de capacitaci\u00f3n<\/a><\/li>\r\n<\/ul>\r\n<\/div>\r\n<\/div>\r\n<\/div>\r\n<div class=\"panel panel-default\">\r\n<div id=\"HE_N2_4134321244\" class=\"panel-heading\" role=\"tab\">\r\n<h4 class=\"panel-title\"><a class=\"collapsed\" role=\"button\" href=\"#CO_N2_4134321244\" data-bs-toggle=\"collapse\" data-bs-target=\"#CO_N2_4134321244\" data-toggle=\"collapse\" data-parent=\"#AC_N2_4108050209\" aria-expanded=\"false\" aria-controls=\"CO_N2_4134321244\"> UNIDAD INVESTIGADORA <\/a><\/h4>\r\n<\/div>\r\n<div id=\"CO_N2_4134321244\" class=\"panel-collapse collapse listado-clas\" role=\"tabpanel\" aria-labelledby=\"HE_N2_4134321244\" data-bs-parent=\"#AC_N2_4108050209\">\r\n<div class=\"panel-body\">\r\n<ul class=\"list-group lista-links\">\r\n<li class=\"list-group-item\"><a href=\"https:\/\/asey.gob.mx\/web\/contenido\/uploads\/2026\/10\/Aviso_COMPARECENCIAS_UNIDADES_INVESTIGADORAS..pdf\" target=\"_blank\" rel=\"noopener noreferrer\">Comparecencia de la Unidad Investigadora<\/a><\/li>\r\n<li class=\"list-group-item\"><a href=\"https:\/\/asey.gob.mx\/web\/contenido\/uploads\/2025\/09\/AvisoPriv_Notificaciones_UI.pdf\" target=\"_blank\" rel=\"noopener noreferrer\">Notificaciones Personales Relacionadas A La Investigaci\u00f3n De Faltas Administrativas Y Actos De Particulares<\/a><\/li>\r\n<\/ul>\r\n<\/div>\r\n<\/div>\r\n<\/div>\r\n<div class=\"panel panel-default\">\r\n<div id=\"HE_N2_2171309258\" class=\"panel-heading\" role=\"tab\">\r\n<h4 class=\"panel-title\"><a class=\"collapsed\" role=\"button\" href=\"#CO_N2_2171309258\" data-bs-toggle=\"collapse\" data-bs-target=\"#CO_N2_2171309258\" data-toggle=\"collapse\" data-parent=\"#AC_N2_4108050209\" aria-expanded=\"false\" aria-controls=\"CO_N2_2171309258\"> UNIDAD SUBSTANCIADORA <\/a><\/h4>\r\n<\/div>\r\n<div id=\"CO_N2_2171309258\" class=\"panel-collapse collapse listado-clas\" role=\"tabpanel\" aria-labelledby=\"HE_N2_2171309258\" data-bs-parent=\"#AC_N2_4108050209\">\r\n<div class=\"panel-body\">\r\n<ul class=\"list-group lista-links\">\r\n<li class=\"list-group-item\"><a href=\"https:\/\/asey.gob.mx\/web\/contenido\/uploads\/2026\/10\/Aviso_de_privacidad___Integral_._AUDIENCIAS_INICIALES_US.pdf\" target=\"_blank\" rel=\"noopener noreferrer\">Audiencia Inicial de la Unidad Substanciadora<\/a><\/li>\r\n<li class=\"list-group-item\"><a href=\"https:\/\/asey.gob.mx\/web\/contenido\/uploads\/2025\/09\/AvisoPriv_Notificaciones_US.pdf\" target=\"_blank\" rel=\"noopener noreferrer\">Notificaciones Personales Relacionadas A Los Procedimientos De Responsabilidades Administrativas<\/a><\/li>\r\n<\/ul>\r\n<\/div>\r\n<\/div>\r\n<\/div>\r\n<div class=\"panel panel-default\">\r\n<div id=\"HE_N2_521083241\" class=\"panel-heading\" role=\"tab\">\r\n<h4 class=\"panel-title\"><a class=\"collapsed\" role=\"button\" href=\"#CO_N2_521083241\" data-bs-toggle=\"collapse\" data-bs-target=\"#CO_N2_521083241\" data-toggle=\"collapse\" data-parent=\"#AC_N2_4108050209\" aria-expanded=\"false\" aria-controls=\"CO_N2_521083241\"> REGISTROS <\/a><\/h4>\r\n<\/div>\r\n<div id=\"CO_N2_521083241\" class=\"panel-collapse collapse listado-clas\" role=\"tabpanel\" aria-labelledby=\"HE_N2_521083241\" data-bs-parent=\"#AC_N2_4108050209\">\r\n<div class=\"panel-body\">\r\n<ul class=\"list-group lista-links\">\r\n<li class=\"list-group-item\"><a href=\"https:\/\/asey.gob.mx\/web\/contenido\/uploads\/2025\/09\/AvisoPriv_ServPub.pdf\" target=\"_blank\" rel=\"noopener noreferrer\">Servidores P\u00fablicos<\/a><\/li>\r\n<li class=\"list-group-item\"><a href=\"https:\/\/asey.gob.mx\/web\/contenido\/uploads\/2025\/10\/avi_visita_caseta.pdf\" target=\"_blank\" rel=\"noopener noreferrer\">Procedimiento para el Ingreso de Visitantes<\/a><\/li>\r\n<\/ul>\r\n<\/div>\r\n<\/div>\r\n<\/div>\r\n\r\n<div class=\"panel panel-default\">\r\n<div id=\"HE_N2_4043405381\" class=\"panel-heading\" role=\"tab\">\r\n<h4 class=\"panel-title\"><a class=\"collapsed\" role=\"button\" href=\"#CO_N2_4043405381\" data-bs-toggle=\"collapse\" data-bs-target=\"#CO_N2_4043405381\" data-toggle=\"collapse\" data-parent=\"#AC_N2_4108050209\" aria-expanded=\"false\" aria-controls=\"CO_N2_4043405381\"> SOLICITUDES DE INFORMACI\u00d3N <\/a><\/h4>\r\n<\/div>\r\n<div id=\"CO_N2_4043405381\" class=\"panel-collapse collapse listado-clas\" role=\"tabpanel\" aria-labelledby=\"HE_N2_4043405381\" data-bs-parent=\"#AC_N2_4108050209\">\r\n<div class=\"panel-body\">\r\n<ul class=\"list-group lista-links\">\r\n<li class=\"list-group-item\"><a href=\"https:\/\/asey.gob.mx\/web\/contenido\/uploads\/2025\/09\/AvisoPriv_Solicitudes.pdf\" target=\"_blank\" rel=\"noopener noreferrer\">Solicitudes<\/a><\/li>\r\n<li class=\"list-group-item\"><a href=\"https:\/\/asey.gob.mx\/web\/contenido\/uploads\/2025\/09\/AvisoPriv_ARCO.pdf\" target=\"_blank\" rel=\"noopener noreferrer\">ARCO<\/a><\/li>\r\n<\/ul>\r\n<\/div>\r\n<\/div>\r\n<\/div>\r\n<div class=\"panel panel-default\">\r\n<div id=\"HE_N2_2248558803\" class=\"panel-heading\" role=\"tab\">\r\n<h4 class=\"panel-title\"><a class=\"collapsed\" role=\"button\" href=\"#CO_N2_2248558803\" data-bs-toggle=\"collapse\" data-bs-target=\"#CO_N2_2248558803\" data-toggle=\"collapse\" data-parent=\"#AC_N2_4108050209\" aria-expanded=\"false\" aria-controls=\"CO_N2_2248558803\"> REUNIONES DE TRABAJO <\/a><\/h4>\r\n<\/div>\r\n<div id=\"CO_N2_2248558803\" class=\"panel-collapse collapse listado-clas\" role=\"tabpanel\" aria-labelledby=\"HE_N2_2248558803\" data-bs-parent=\"#AC_N2_4108050209\">\r\n<div class=\"panel-body\">\r\n<ul class=\"list-group lista-links\">\r\n<li class=\"list-group-item\"><a href=\"https:\/\/asey.gob.mx\/web\/contenido\/uploads\/2026\/10\/Aviso_de_privacidad___Integral_._REUNIONES_CONEVA.pdf\" target=\"_blank\" rel=\"noopener noreferrer\">Reuniones de Trabajo con Entidades Fiscalizadas<\/a><\/li>\r\n<\/ul>\r\n<\/div>\r\n<\/div>\r\n<\/div>\r\n<div class=\"panel panel-default\">\r\n<div id=\"HE_N2_381244738\" class=\"panel-heading\" role=\"tab\">\r\n<h4 class=\"panel-title\"><a class=\"collapsed\" role=\"button\" href=\"#CO_N2_381244738\" data-bs-toggle=\"collapse\" data-bs-target=\"#CO_N2_381244738\" data-toggle=\"collapse\" data-parent=\"#AC_N2_4108050209\" aria-expanded=\"false\" aria-controls=\"CO_N2_381244738\"> FISCALIZACI\u00d3N DE LA CUENTA P\u00daBLICA <\/a><\/h4>\r\n<\/div>\r\n<div id=\"CO_N2_381244738\" class=\"panel-collapse collapse listado-clas\" role=\"tabpanel\" aria-labelledby=\"HE_N2_381244738\" data-bs-parent=\"#AC_N2_4108050209\">\r\n<div class=\"panel-body\">\r\n<ul class=\"list-group lista-links\">\r\n<li class=\"list-group-item\"><a href=\"https:\/\/asey.gob.mx\/web\/contenido\/uploads\/2025\/09\/AvisoPriv_Fisc.pdf\" target=\"_blank\" rel=\"noopener noreferrer\">Fiscalizaci\u00f3n de la Cuenta P\u00fablica<\/a><\/li>\r\n<\/ul>\r\n<\/div>\r\n<\/div>\r\n<\/div>\r\n<div class=\"panel panel-default\">\r\n<div id=\"HE_N2\" class=\"panel-heading\" role=\"tab\">\r\n<h4 class=\"panel-title\"><a class=\"collapsed\" role=\"button\" href=\"#CO_N2\" data-bs-toggle=\"collapse\" data-bs-target=\"#CO_N2\" data-toggle=\"collapse\" data-parent=\"#AC_N2\" aria-expanded=\"false\" aria-controls=\"CO_N2\"> PROVEEDORES <\/a><\/h4>\r\n<\/div>\r\n<div id=\"CO_N2\" class=\"panel-collapse collapse listado-clas\" role=\"tabpanel\" aria-labelledby=\"HE_N2\" data-bs-parent=\"#AC_N2\">\r\n<div class=\"panel-body\">\r\n<ul class=\"list-group lista-links\">\r\n<li class=\"list-group-item\"><a href=\"https:\/\/asey.gob.mx\/web\/contenido\/uploads\/2025\/09\/AvisoPriv_Padron.pdf\" target=\"_blank\" rel=\"noopener noreferrer\">Inscripci\u00f3n al Padr\u00f3n de Proveedores de la Auditor\u00eda Superior del Estado de Yucat\u00e1n<\/a><\/li>\r\n<li class=\"list-group-item\"><a href=\"https:\/\/asey.gob.mx\/web\/contenido\/uploads\/2025\/09\/AvisoPriv_Contrataciones_Bienes_Servicios.pdf\" target=\"_blank\" rel=\"noopener noreferrer\">Contrataciones de Bienes y Servicios <\/a><\/li>\r\n<\/ul>\r\n<\/div>\r\n<\/div>\r\n<\/div>\r\n<div class=\"panel panel-default\">\r\n<div id=\"HE_N2aa\" class=\"panel-heading\" role=\"tab\">\r\n<h4 class=\"panel-title\"><a class=\"collapsed\" role=\"button\" href=\"#CO_N2aa\" data-bs-toggle=\"collapse\" data-bs-target=\"#CO_N2aa\" data-toggle=\"collapse\" data-parent=\"#AC_N2aa\" aria-expanded=\"false\" aria-controls=\"CO_N2aa\"> CITAS <\/a><\/h4>\r\n<\/div>\r\n<div id=\"CO_N2aa\" class=\"panel-collapse collapse listado-clas\" role=\"tabpanel\" aria-labelledby=\"HE_N2aa\" data-bs-parent=\"#AC_N2aa\">\r\n<div class=\"panel-body\">\r\n<ul class=\"list-group lista-links\">\r\n<li class=\"list-group-item\"><a href=\"https:\/\/asey.gob.mx\/web\/contenido\/uploads\/2025\/09\/AvisoPriv_Citas.pdf\" target=\"_blank\" rel=\"noopener noreferrer\"> Solicitud de citas <\/a><\/li>\r\n<\/ul>\r\n<\/div>\r\n<\/div>\r\n<\/div>\r\n<\/div>\r\n<\/div>\r\n<\/div>\r\n<\/div>\r\n<\/div>\r\n<\/div>\t\t<\/div>\n\t\t\t\t<\/div>\n\t\t\t\t\t<\/div>\n\t\t<\/div>\n\t\t\t\t\t\t\t<\/div>\n\t\t<\/section>\n\t\t\t\t\t\t\t<\/div>\n\t\t","protected":false},"excerpt":{"rendered":"<p>AVISOS DE PRIVACIDAD AVISOS DE PRIVACIDAD ALTA DE EMPLEADOS Personal adscrito a la Auditor\u00eda Superior del Estado de Yucat\u00e1n Prestadores de servicios profesionales Expedientes de prestadores de servicio social, pr\u00e1cticas profesionales y estad\u00edas EVENTOS DE CAPACITACI\u00d3N Eventos de capacitaci\u00f3n UNIDAD INVESTIGADORA Comparecencia de la Unidad Investigadora Notificaciones Personales Relacionadas A La Investigaci\u00f3n De Faltas Administrativas [&hellip;]<\/p>\n","protected":false},"author":2,"featured_media":0,"parent":0,"menu_order":0,"comment_status":"closed","ping_status":"closed","template":"","meta":[],"_links":{"self":[{"href":"https:\/\/asey.gob.mx\/web\/wp-json\/wp\/v2\/pages\/2391"}],"collection":[{"href":"https:\/\/asey.gob.mx\/web\/wp-json\/wp\/v2\/pages"}],"about":[{"href":"https:\/\/asey.gob.mx\/web\/wp-json\/wp\/v2\/types\/page"}],"author":[{"embeddable":true,"href":"https:\/\/asey.gob.mx\/web\/wp-json\/wp\/v2\/users\/2"}],"replies":[{"embeddable":true,"href":"https:\/\/asey.gob.mx\/web\/wp-json\/wp\/v2\/comments?post=2391"}],"version-history":[{"count":97,"href":"https:\/\/asey.gob.mx\/web\/wp-json\/wp\/v2\/pages\/2391\/revisions"}],"predecessor-version":[{"id":8287,"href":"https:\/\/asey.gob.mx\/web\/wp-json\/wp\/v2\/pages\/2391\/revisions\/8287"}],"wp:attachment":[{"href":"https:\/\/asey.gob.mx\/web\/wp-json\/wp\/v2\/media?parent=2391"}],"curies":[{"name":"wp","href":"https:\/\/api.w.org\/{rel}","templated":true}]}}