{"id":149,"date":"2020-01-20T14:13:57","date_gmt":"2020-01-20T20:13:57","guid":{"rendered":"https:\/\/localhost\/asey\/?page_id=149"},"modified":"2025-08-27T16:27:54","modified_gmt":"2025-08-27T22:27:54","slug":"marco-legal","status":"publish","type":"page","link":"https:\/\/asey.gob.mx\/web\/marco-legal\/","title":{"rendered":"Marco Legal"},"content":{"rendered":"\t\t<div data-elementor-type=\"wp-page\" data-elementor-id=\"149\" class=\"elementor elementor-149\">\n\t\t\t\t\t\t\t\t\t<section class=\"elementor-section elementor-top-section elementor-element elementor-element-b767e59 elementor-section-boxed elementor-section-height-default elementor-section-height-default\" data-id=\"b767e59\" data-element_type=\"section\">\n\t\t\t\t\t\t<div class=\"elementor-container elementor-column-gap-default\">\n\t\t\t\t\t<div class=\"elementor-column elementor-col-100 elementor-top-column elementor-element elementor-element-4a44c93\" data-id=\"4a44c93\" data-element_type=\"column\">\n\t\t\t<div class=\"elementor-widget-wrap elementor-element-populated\">\n\t\t\t\t\t\t\t\t<div class=\"elementor-element elementor-element-4384ccd elementor-widget elementor-widget-text-editor\" data-id=\"4384ccd\" data-element_type=\"widget\" data-widget_type=\"text-editor.default\">\n\t\t\t\t<div class=\"elementor-widget-container\">\n\t\t\t\t\t\t\t\n<h2><strong>MARCO LEGAL<\/strong><\/h2>\n\t\t\t\t\t\t<\/div>\n\t\t\t\t<\/div>\n\t\t\t\t\t<\/div>\n\t\t<\/div>\n\t\t\t\t\t\t\t<\/div>\n\t\t<\/section>\n\t\t\t\t<section class=\"elementor-section elementor-top-section elementor-element elementor-element-20f3e8c0 elementor-section-boxed elementor-section-height-default elementor-section-height-default\" data-id=\"20f3e8c0\" data-element_type=\"section\">\n\t\t\t\t\t\t<div class=\"elementor-container elementor-column-gap-default\">\n\t\t\t\t\t<div class=\"elementor-column elementor-col-100 elementor-top-column elementor-element elementor-element-6f5944af\" data-id=\"6f5944af\" data-element_type=\"column\">\n\t\t\t<div class=\"elementor-widget-wrap elementor-element-populated\">\n\t\t\t\t\t\t\t\t<div class=\"elementor-element elementor-element-b340513 elementor-widget elementor-widget-text-editor\" data-id=\"b340513\" data-element_type=\"widget\" data-widget_type=\"text-editor.default\">\n\t\t\t\t<div class=\"elementor-widget-container\">\n\t\t\t\t\t\t\t\n<p style=\"text-align: justify; text-justify: inter-word;\">El Marco Jur\u00eddico es el conjunto de disposiciones reglamentarias sobre las que la Auditor\u00eda Superior del Estado de Yucat\u00e1n fundamenta su labor de Fiscalizaci\u00f3n de los Recursos P\u00fablicos, mientras que, para las Entidades Fiscalizadas, son una gu\u00eda para una correcta Rendici\u00f3n de Cuentas.<br \/><br \/>Las disposiciones que se enlistan a continuaci\u00f3n tienen como fin, tanto para la Auditor\u00eda Superior del Estado de Yucat\u00e1n como para las Entidades Fiscalizadas, cumplir con sus obligaciones de manera integral, l\u00edcita, eficaz, eficiente y transparente.<br \/><br \/><\/p>\n<p>Haz clic en el men\u00fa desplegable de la parte inferior para acceder a los archivos.<\/p>\n<p>&nbsp;<\/p>\n\t\t\t\t\t\t<\/div>\n\t\t\t\t<\/div>\n\t\t\t\t\t<\/div>\n\t\t<\/div>\n\t\t\t\t\t\t\t<\/div>\n\t\t<\/section>\n\t\t\t\t<section class=\"elementor-section elementor-top-section elementor-element elementor-element-b1f65d3 elementor-section-boxed elementor-section-height-default elementor-section-height-default\" data-id=\"b1f65d3\" data-element_type=\"section\">\n\t\t\t\t\t\t<div class=\"elementor-container elementor-column-gap-default\">\n\t\t\t\t\t<div class=\"elementor-column elementor-col-100 elementor-top-column elementor-element elementor-element-506df90\" data-id=\"506df90\" data-element_type=\"column\">\n\t\t\t<div class=\"elementor-widget-wrap\">\n\t\t\t\t\t\t\t\t\t<\/div>\n\t\t<\/div>\n\t\t\t\t\t\t\t<\/div>\n\t\t<\/section>\n\t\t\t\t<section class=\"elementor-section elementor-top-section elementor-element elementor-element-05ecaf5 elementor-section-boxed elementor-section-height-default elementor-section-height-default\" data-id=\"05ecaf5\" data-element_type=\"section\">\n\t\t\t\t\t\t<div class=\"elementor-container elementor-column-gap-default\">\n\t\t\t\t\t<div class=\"elementor-column elementor-col-100 elementor-top-column elementor-element elementor-element-11a4eb7\" data-id=\"11a4eb7\" data-element_type=\"column\">\n\t\t\t<div class=\"elementor-widget-wrap elementor-element-populated\">\n\t\t\t\t\t\t\t\t<div class=\"elementor-element elementor-element-569d6d5 elementor-widget elementor-widget-text-editor\" data-id=\"569d6d5\" data-element_type=\"widget\" data-widget_type=\"text-editor.default\">\n\t\t\t\t<div class=\"elementor-widget-container\">\n\t\t\t\t\t\t\t\n\n\n<p><style type=\"text\/css\"> \n    #paneles_resultados .collapse.show {\n        padding: 0px;\n    }\n    .panel-group {                \n        border-radius: 3px;\n        box-shadow: 0 5px 30px 0 rgba(0, 0, 0, 0.04);\n        padding: 10px 0 0 10px;\n    }\n    #AC_N1_01 .panel {\n        border: medium none;\n        border-radius: 0;\n        box-shadow: none;\n        margin: 0 0 15px 10px;\n    }\n    #AC_N1_01 .panel-heading {\n        border-radius: 30px;\n        padding: 0;\n    }\n    #AC_N1_01 .panel-title a {\n        background: #242424 none repeat scroll 0 0;\n        border: 1px solid transparent;\n        border-radius: 5px;\n        color: #FFFF;\n        display: block;\n        font-size: 18px;\n        font-weight: 600;\n        padding: 12px 20px 12px 50px;\n        position: relative;\n        transition: all 0.3s ease 0s;\n        text-decoration: none;\n    }            \n    #AC_N1_01 .panel-title a.collapsed {\n        background: #242424 none repeat scroll 0 0;\n        border: 1px solid #ddd;\n        color: #FFFFFF;          \n    }\n            \n    \/* \u00c1rbol Rojo *\/\n    #AC_N2_01 .panel-title a,\n    #AC_N2_2 .panel-title a, \n    #AC_N2_3 .panel-title a {\n        background: #242424 none repeat scroll 0 0; \n        color: #FFFFFF;\n    }\n    #AC_N2_01 .panel-title a.collapsed, \n    #AC_N2_2 .panel-title a.collapsed, \n    #AC_N2_3 .panel-title a.collapsed {\n        background: #242424 none repeat scroll 0 0;                \n    }\n            \n    \/* \u00c1rbol Azul *\/\n    #AC_N3_1 .panel-title a,\n    #AC_N3_2 .panel-title a,\n    #AC_N3_3 .panel-title a,\n    #AC_N3_4 .panel-title a,\n    #AC_N3_5 .panel-title a,\n    #AC_N3_6 .panel-title a {\n        background: #242424 none repeat scroll 0 0; \n        color: #FFFFFF;\n    }\n    #AC_N3_1 .panel-title a.collapsed,\n    #AC_N3_2 .panel-title a.collapsed,\n    #AC_N3_3 .panel-title a.collapsed,\n    #AC_N3_4 .panel-title a.collapsed,\n    #AC_N3_5 .panel-title a.collapsed,\n    #AC_N3_6 .panel-title a.collapsed {\n        background: #242424 none repeat scroll 0 0;                \n    }\n            \n    #AC_N1_01 .panel-title a::after, #AC_N1_01 .panel-title a.collapsed::after {\n        background: #242424 none repeat scroll 0 0;\n        border: 1px solid transparent;\n        border-radius: 5px;\n        box-shadow: 0 3px 10px rgba(0, 0, 0, 0.58);\n        color: #FFFF;\n        content: \"\uf107\";\n        font-family: fontawesome;\n        font-size: 25px;\n        height: 55px;\n        left: -20px;\n        line-height: 55px;\n        position: absolute;\n        text-align: center;\n        top: -5px;\n        transition: all 0.3s ease 0s;\n        width: 55px;\n    }\n    #AC_N1_01 .panel-title a.collapsed::after {\n        background: #242424 none repeat scroll 0 0;\n        border: 1px solid #ddd;\n        box-shadow: none;\n        color: #FFFF;\n        content: \"\uf105\";\n    }\n            \n    \/* Boton Desplegable Rojo *\/\n    #AC_N2_01 .panel-title a::after,\n    #AC_N2_2 .panel-title a::after,\n    #AC_N2_3 .panel-title a::after {\n        background: #242424 none repeat scroll 0 0;               \n        color: #FFFFFF;               \n    }\n            \n    \/* Boton Desplegable Azul *\/\n    #AC_N3_1 .panel-title a::after, \n    #AC_N3_2 .panel-title a::after, \n    #AC_N3_3 .panel-title a::after, \n    #AC_N3_4 .panel-title a::after, \n    #AC_N3_5 .panel-title a::after, \n    #AC_N3_6 .panel-title a::after {\n        background: #242424  none repeat scroll 0 0;               \n        color: #FFFFFF;               \n    }            \n            \n    #AC_N1_01 .panel-body {\n        background: transparent none repeat scroll 0 0;\n        border-top: medium none;\n        padding-right: 25px;\n        position: relative;\n    }\n    #AC_N1_01 .panel-body p {\n        border-left: 1px dashed #8c8c8c;\n        padding-left: 25px;\n    }\n<\/style> <script type=\"text\/javascript\">\n    (function($) {\n        'use strict';\n\n        jQuery(document).on('ready', function(){\n\n            $('a.page-scroll').on('click', function(e){\n                var anchor = $(this);\n                $('html, body').stop().animate({\n                    scrollTop: $(anchor.attr('href')).offset().top - 50\n                }, 1500);\n                e.preventDefault();\n            });     \n\n        }); \n\n    })(jQuery);\n\n    $(document).ready(function() { \n        $('[name=\"BuscadorLista\"]').on('keyup', function(e){            \n            var code = e.keyCode || e.which;\n            if (code == '9') return;\n            if (code == '27') $(this).val(null);\n            var $rows = $(this).closest('.listado_entes').find('.list-group li');\n            var val = $.trim($(this).val()).replace(\/ +\/g, ' ').toLowerCase();\n            $rows.show().filter(function () {\n                var text = $(this).text().replace(\/\\s+\/g, ' ').toLowerCase();\n                return !~text.indexOf(val);\n            }).hide();\n        });\n    });\n\n<\/script><\/p>\n<div id=\"paneles_resultados\">\n<div id=\"AC_N1_01\" class=\"panel-group\" role=\"tablist\" aria-multiselectable=\"true\">\n<div class=\"panel panel-default\">\n<div id=\"HE_N1_01\" class=\"panel-heading\" role=\"tab\">\n<h4 class=\"panel-title\"><a class=\"collapsed\" role=\"button\" href=\"#CO_N1_01\" data-toggle=\"collapse\" data-parent=\"#AC_N1_01\" aria-expanded=\"false\" aria-controls=\"CO_N1_01\"> Normativa Interna <\/a><\/h4>\n<\/div>\n<div id=\"CO_N1_01\" class=\"panel-collapse collapse\" role=\"tabpanel\" aria-labelledby=\"HE_N1_01\">\n<div class=\"panel-body\">\n<div id=\"AC_N2_01\" class=\"panel-group\" role=\"tablist\" aria-multiselectable=\"true\">\n<div class=\"panel panel-default\">\n<div id=\"HE_N2_02\" class=\"panel-heading\" role=\"tab\">\n<h4 class=\"panel-title\"><a class=\"collapsed\" role=\"button\" href=\"#CO_N2_02\" data-toggle=\"collapse\" data-parent=\"#AC_N2_01\" aria-expanded=\"false\" aria-controls=\"CO_N2_02\"> Documentos <\/a><\/h4>\n<\/div>\n<div id=\"CO_N2_02\" class=\"panel-collapse collapse listado_entes\" role=\"tabpanel\" aria-labelledby=\"HE_N2_02\">\n<div class=\"panel-body\">\n<div class=\"row\" style=\"margin-top: 5px; margin-bottom: 10px;\">\n<div class=\"col-md-12\">\n<div class=\"input-group\"><input class=\"form-control\" name=\"BuscadorLista\" type=\"text\" placeholder=\"Buscar...\" \/><\/div>\n<\/div>\n<\/div>\n<ul class=\"list-group\">\n<li class=\"list-group-item\"><a href=\"https:\/\/www.asey.gob.mx\/Doctos\/NormatIntern\/CPEY_28oct24.pdf\" target=\"_blank\" rel=\"noopener noreferrer\">Constituci\u00f3n Pol\u00edtica del Estado de Yucat\u00e1n (\u00daltima reforma, publicado en el Diario Oficial del Gobierno del Estado de Yucat\u00e1n, 28 de octubre de 2024). <\/a><\/li>\n<li class=\"list-group-item\"><a href=\"https:\/\/www.asey.gob.mx\/Doctos\/NormatIntern\/LEY_FISCALIZACION_CUENTAP_2025.pdf\" target=\"_blank\" rel=\"noopener noreferrer\">Ley de Fiscalizaci\u00f3n de la Cuenta P\u00fablica del Estado de Yucat\u00e1n (\u00daltima reforma, publicado en el Diario Oficial del Gobierno del Estado de Yucat\u00e1n, 5 de agosto de 2024).<\/a><\/li>\n<li class=\"list-group-item\"><a href=\"https:\/\/www.asey.gob.mx\/Doctos\/NormatIntern\/Ley_Responsabilidad_Adtva_05Ago24.pdf\" target=\"_blank\" rel=\"noopener noreferrer\">Ley de Responsabilidades Administrativas del Estado de Yucat\u00e1n (\u00daltima reforma, publicado en el Diario Oficial del Gobierno del Estado de Yucat\u00e1n, 5 de agosto de 2024).<\/a><\/li>\n<li class=\"list-group-item\"><a href=\"https:\/\/www.asey.gob.mx\/Doctos\/NormatIntern\/DOF2024-07-24_1-ASEYOCT24.pdf\" target=\"_blank\" rel=\"noopener noreferrer\">Acuerdo ASEY 02\/2024 por el que se modifica el Reglamento Interior de la Auditor\u00eda Superior del Estado de Yucat\u00e1n. (Publicado en el Diario Oficial del Gobierno del Estado de Yucat\u00e1n, 24 de julio de 2024).<\/a><\/li>\n<li class=\"list-group-item\"><a href=\"https:\/\/www.asey.gob.mx\/Doctos\/NormatIntern\/Reglamento-Interior-ASEY-Modificacion-6-12-21.pdf\" target=\"_blank\" rel=\"noopener noreferrer\">Acuerdo por el que se modifica el Reglamento Interior de la Auditor\u00eda Superior del Estado de Yucat\u00e1n. (Publicado en el Diario Oficial del Gobierno del Estado de Yucat\u00e1n, 6 de diciembre de 2021).<\/a><\/li>\n<li class=\"list-group-item\"><a href=\"https:\/\/www.asey.gob.mx\/Doctos\/NormatIntern\/Reglamento-Interior-ASEY-21-01-21.pdf\" target=\"_blank\" rel=\"noopener noreferrer\">Reglamento Interior de la Auditor\u00eda Superior del Estado de Yucat\u00e1n. (Publicado en el Diario Oficial del Gobierno del Estado de Yucat\u00e1n, 21 de enero de 2021). <\/a><\/li>\n<li class=\"list-group-item\"><a href=\"https:\/\/asey.gob.mx\/Doctos\/NormatIntern\/Manual_Org_Marzo25.pdf\" target=\"_blank\" rel=\"noopener noreferrer\">Manual de Organizaci\u00f3n de la Auditor\u00eda Superior del Estado de Yucat\u00e1n, Marzo de 2025.<\/a><\/li>\n<li class=\"list-group-item\"><a href=\"https:\/\/asey.gob.mx\/TRANSPARENCIA\/MANUAL_INDICATIVO_2025_FINAL.pdf\" target=\"_blank\" rel=\"noopener noreferrer\">Manual Indicativo con los Lineamientos del Consejo Nacional de Armonizaci\u00f3n Contable, Ejercicio Fiscal 2025.<\/a><\/li>\n<li class=\"list-group-item\"><a href=\"https:\/\/asey.gob.mx\/TRANSPARENCIA\/Art70-2\/4totrim18\/LETAYUC70FI\/LINEAM_SOL_INFO_CTAP_20DIC2018.pdf\" target=\"_blank\" rel=\"noopener noreferrer\">Lineamientos para la solicitud de Informaci\u00f3n y Entrega de la Cuenta P\u00fablica (Publicado en el Diario Oficial del Gobierno del Estado de Yucat\u00e1n, 20 de diciembre de 2018).<\/a><\/li>\n<li class=\"list-group-item\"><a href=\"https:\/\/asey.gob.mx\/TRANSPARENCIA\/LETAYUC-A70-FI\/2024\/3Trimestre\/Lineamientos_Para_El_Registro_De_Servidores_Publicos_2024.pdf\" target=\"_blank\" rel=\"noopener noreferrer\">Lineamientos para el registro de servidores p\u00fablicos que intervienen en actuaciones administrativas ante la Auditor\u00eda Superior del Estado de Yucat\u00e1n (Publicado en el Diario Oficial del Gobierno del Estado de Yucat\u00e1n, 27 de agosto de 2024).<\/a><\/li>\n<\/ul>\n<\/div>\n<\/div>\n<\/div>\n<\/div>\n<\/div>\n<\/div>\n<\/div>\n<\/div>\n<\/div>\n\t\t\t\t\t\t<\/div>\n\t\t\t\t<\/div>\n\t\t\t\t\t<\/div>\n\t\t<\/div>\n\t\t\t\t\t\t\t<\/div>\n\t\t<\/section>\n\t\t\t\t\t\t\t<\/div>\n\t\t","protected":false},"excerpt":{"rendered":"<p>MARCO LEGAL El Marco Jur\u00eddico es el conjunto de disposiciones reglamentarias sobre las que la Auditor\u00eda Superior del Estado de Yucat\u00e1n fundamenta su labor de Fiscalizaci\u00f3n de los Recursos P\u00fablicos, mientras que, para las Entidades Fiscalizadas, son una gu\u00eda para una correcta Rendici\u00f3n de Cuentas. Las disposiciones que se enlistan a continuaci\u00f3n tienen como fin, [&hellip;]<\/p>\n","protected":false},"author":1,"featured_media":0,"parent":0,"menu_order":0,"comment_status":"closed","ping_status":"closed","template":"","meta":[],"_links":{"self":[{"href":"https:\/\/asey.gob.mx\/web\/wp-json\/wp\/v2\/pages\/149"}],"collection":[{"href":"https:\/\/asey.gob.mx\/web\/wp-json\/wp\/v2\/pages"}],"about":[{"href":"https:\/\/asey.gob.mx\/web\/wp-json\/wp\/v2\/types\/page"}],"author":[{"embeddable":true,"href":"https:\/\/asey.gob.mx\/web\/wp-json\/wp\/v2\/users\/1"}],"replies":[{"embeddable":true,"href":"https:\/\/asey.gob.mx\/web\/wp-json\/wp\/v2\/comments?post=149"}],"version-history":[{"count":74,"href":"https:\/\/asey.gob.mx\/web\/wp-json\/wp\/v2\/pages\/149\/revisions"}],"predecessor-version":[{"id":7294,"href":"https:\/\/asey.gob.mx\/web\/wp-json\/wp\/v2\/pages\/149\/revisions\/7294"}],"wp:attachment":[{"href":"https:\/\/asey.gob.mx\/web\/wp-json\/wp\/v2\/media?parent=149"}],"curies":[{"name":"wp","href":"https:\/\/api.w.org\/{rel}","templated":true}]}}